*o - 188. Give p(-37).
-447
Let k(l) = -43*l**2 + 344*l - 552. What is k(12)?
-2616
Let n(c) = -3943*c + 114197. Determine n(29).
-150
Let q(n) = -249*n**2 + 115*n + 40. Calculate q(3).
-1856
Let t(p) = 23*p**2 - 119*p - 603. Determine t(-5).
567
Let g(v) = 2341*v + 272913. Calculate g(-117).
-984
Let i(a) = -a**3 - 44*a**2 + 79*a + 15. Determine i(-46).
613
Let g(c) = 7*c**3 + 21*c**2 + 14*c + 55. What is g(-3)?
13
Let h(d) = 6835*d - 437413. What is h(64)?
27
Let y(l) = -l**3 + 98*l**2 - 2394*l - 228. Give y(48).
60
Let c(u) = -20*u**2 - 999*u - 340. Calculate c(-49).
591
Let v(w) = -80*w - 6828. What is v(-87)?
132
Let n(h) = -118*h + 3998. What is n(37)?
-368
Let m(q) = -136993*q + 1095951. Calculate m(8).
7
Let s(v) = 103*v - 1755. Give s(14).
-313
Let a(x) = -1468*x - 21764. Give a(-13).
-2680
Let w(j) = 4*j**3 - 29*j**2 - 572*j + 3609. Determine w(6).
-3
Let h(j) = -2*j**3 - 308*j**2 - 2865*j + 2170. What is h(-144)?
10
Let o(j) = -564*j**2 - 10153*j - 53. What is o(-18)?
-35
Let a(n) = -12*n**3 - 261*n**2 + 85*n - 170. What is a(-22)?
-588
Let m(w) = 33*w**3 + 119*w**2 - 241*w - 6. Determine m(2).
252
Let v(s) = -229198*s - 1146020. Give v(-5).
-30
Let w(f) = f**2 + 335*f - 670. Give w(-337).
4
Let u(z) = -20*z**2 - 2147*z - 14050. Give u(-7).
-1
Let d(v) = v**2 + 27*v + 1684. What is d(-33)?
1882
Let g(k) = 2*k**3 + 31*k**2 - 301*k + 745. Calculate g(10).
2835
Let m(o) = 17*o**3 + 97*o**2 + 8*o - 2. What is m(-5)?
258
Let q(w) = 1296*w - 73878. What is q(57)?
-6
Let m(h) = -803*h + 8405. What is m(10)?
375
Let c(m) = 7875*m - 1913630. Give c(243).
-5
Let q(p) = -26012*p - 130081. Calculate q(-5).
-21
Let u(r) = 12486*r + 3109023. Determine u(-249).
9
Let h(n) = -n**3 - 93*n**2 + 1752*n + 270. Calculate h(-109).
-602
Let b(c) = 11*c**2 - 1431*c + 9600. Calculate b(123).
6
Let b(o) = -482*o**2 - 105*o + 191. Determine b(2).
-1947
Let i(o) = -11019*o + 220376. What is i(20)?
-4
Let v(z) = 8*z**2 - 168*z - 1524. Give v(-7).
44
Let n(i) = 289714*i + 4345597. Calculate n(-15).
-113
Let h(m) = 362*m**2 + 11587*m + 99. Determine h(-32).
3
Let c(h) = -114*h + 1709. Determine c(18).
-343
Let o(d) = 48*d**2 + 4468*d + 57. Give o(-93).
-315
Let l(o) = 280*o**3 + 2*o**2 + 113*o - 114. Determine l(1).
281
Let s(o) = o**2 - 2075*o - 469875. Calculate s(-206).
11
Let s(u) = u**3 - 21*u**2 + 48*u + 135. What is s(18)?
27
Let c(j) = j**3 + 89*j**2 - 484*j + 47. Determine c(5).
-23
Let y(v) = v**2 + 51315*v + 307859. Determine y(-6).
5
Let p(i) = 154213*i + 771073. Calculate p(-5).
8
Let o(q) = q**3 - 139*q**2 - 1654*q + 117. Determine o(150).
-483
Let l(o) = 309*o - 116809. Give l(378).
-7
Let k(t) = t**3 - 88*t**2 + 82*t + 177. Calculate k(87).
-258
Let d(g) = 1881*g - 615068. Calculate d(327).
19
Let m(h) = 27334*h + 18641778. What is m(-682)?
-10
Let o(n) = -4859*n - 62955. Determine o(-13).
212
Let u(v) = -32*v**2 + 358*v - 776. What is u(3)?
10
Let q(f) = 2*f**3 - 606*f**2 + 47*f - 14247. What is q(303)?
-6
Let w(v) = -83429*v - 1334962. Determine w(-16).
-98
Let u(b) = -8*b**3 - 753*b**2 - 94*b + 855. Calculate u(-94).
855
Let d(k) = -4065*k + 1315. Give d(1).
-2750
Let d(x) = -9*x**2 - 376*x + 5902. Determine d(-54).
-38
Let d(l) = -19*l + 7572. Determine d(399).
-9
Let b(q) = 19110*q**2 + 76446*q + 21. Determine b(-4).
-3
Let o(z) = z**3 - 23*z**2 + 26*z + 310. Determine o(21).
-26
Let v(c) = -4209*c + 37897. Give v(9).
16
Let a(g) = 2*g**3 + 643*g**2 - 463*g - 45442. Calculate a(-322).
-40
Let f(w) = 25*w**2 - 2545*w - 20588. Determine f(-8).
1372
Let v(w) = -472*w**2 - 5977*w + 8834. Calculate v(-14).
0
Let i(d) = 4315*d - 893120. Calculate i(207).
85
Let x(t) = t**3 - 45*t**2 + 4275*t - 28089. Calculate x(7).
-26
Let y(i) = i**2 + 6904*i + 1631428. What is y(-245)?
-27
Let z(o) = 4294*o + 2846920. Determine z(-663).
-2
Let c(k) = -k**3 + 72*k**2 + 387*k + 168. Calculate c(77).
322
Let r(i) = -1795610*i + 26934170. Calculate r(15).
20
Let c(n) = -24579*n + 24945. What is c(1)?
366
Let c(o) = -39*o**3 - 5*o**2 - 13*o + 27. What is c(-2)?
345
Let s(q) = -208*q + 4102. Calculate s(19).
150
Let h(q) = 1144*q - 151008. Give h(132).
0
Let h(t) = 947*t**3 - 8*t**2 - 2*t + 5. Calculate h(-1).
-948
Let j(k) = k**2 + 429*k + 34077. What is j(-105)?
57
Let f(x) = -11*x**2 - 4252*x + 4246. Calculate f(1).
-17
Let f(r) = -4*r**2 - 536*r + 62751. Calculate f(-209).
51
Let i(f) = -f**3 + 119*f**2 + 1616*f + 3207. Calculate i(-10).
-53
Let v(x) = -13182*x - 685449. What is v(-52)?
15
Let u(b) = -13*b**2 + 39*b - 158. What is u(2)?
-132
Let p(d) = -2005*d - 48271. Give p(-23).
-2156
Let y(c) = 35*c + 6860. What is y(-133)?
2205
Let f(b) = -4*b**2 - 43*b + 66068. What is f(-134)?
6
Let y(q) = 226484*q - 1811983. Calculate y(8).
-111
Let y(f) = f**2 - 106*f - 8042. Determine y(-54).
598
Let o(c) = -5*c**3 - 1024*c**2 + 2055*c - 8. Give o(2).
-34
Let q(a) = -2175*a + 128282. Give q(59).
-43
Let a(y) = y**3 - 53*y**2 - 64*y + 744. Determine a(54).
204
Let w(m) = m**3 - 268*m**2 - 532*m - 2219. Calculate w(270).
-59
Let o(i) = -i**3 + 96*i**2 + 12*i - 1094. What is o(96)?
58
Let h(u) = -29*u**2 - 5267*u + 1726. Determine h(-182).
-276
Let d(r) = 14*r**2 + 652*r + 4609. Give d(-7).
731
Let k(u) = 12*u**3 + 3143*u**2 - 198*u + 16761. Determine k(-262).
-7
Let f(h) = 27*h**2 + 1912*h - 130. Calculate f(-71).
225
Let u(r) = 18*r**2 + 1138*r - 715. Determine u(-64).
181
Let s(w) = w**2 + 5708*w - 11418. What is s(2)?
2
Let g(c) = -2*c**2 + 422*c + 8743. Calculate g(-19).
3
Let i(x) = 7*x**2 - 1607*x + 6451. What is i(4)?
135
Let j(y) = 44*y**2 - 7012*y - 42043. What is j(-6)?
1613
Let b(w) = -w**3 + 229*w**2 - 243*w + 3920. What is b(228)?
500
Let r(z) = -z**3 + 52*z**2 - 431*z + 16506. Determine r(50).
-44
Let h(j) = -38*j**2 + 320*j - 645. What is h(2)?
-157
Let t(l) = -l**3 + 502*l**2 - 1010*l + 5054. Calculate t(500).
54
Let i(b) = 54*b**2 - 2802*b - 284. What is i(52)?
28
Let m(x) = -1050193*x + 7351345. Give m(7).
-6
Let j(v) = 106654*v + 12265174. Determine j(-115).
-36
Let c(o) = -o**2 + 154*o - 5380. Determine c(82).
524
Let p(y) = 318*y + 41510. Give p(-134).
-1102
Let c(o) = -7*o**2 - 50*o + 5718. Determine c(25).
93
Let z(i) = i**3 + 21*i**2 + 107*i + 856. Determine z(-18).
-98
Let c(b) = -b**3 - 189*b**2 + 2418*b + 440. Determine c(-201).
-766
Let y(c) = 10*c**2 + 3386*c - 31294. Determine y(9).
-10
Let i(m) = 672*m - 123656. Give i(184).
-8
Let p(w) = -47449*w + 12099499. Calculate p(255).
4
Let m(y) = -1094*y - 6597. Give m(-6).
-33
Let j(t) = -t**3 - 3368*t**2 - 4*t + 55. Determine j(0).
55
Let g(w) = 13*w**3 + 148*w**2 - w + 41. Calculate g(-11).
657
Let g(l) = -11*l**3 + 9*l**2 - 9*l - 330. Give g(-5).
1315
Let y(q) = 13877*q + 1096392. Give y(-79).
109
Let u(n) = 2*n**2 - 5599*n - 700591. Give u(-120).
89
Let l(g) = -41553*g + 207763. What is l(5)?
-2
Let o(h) = -2*h**2 - 710*h - 26897. Give o(-43).
-65
Let l(j) = 40*j - 4843. What is l(109)?
-483
Let v(n) = n**3 + 43*n**2 - 4218*n - 176294. Determine v(-41).
6
Let z(n) = -55*n**2 - 47219*n + 94436. What is z(2)?
-222
Let z(u) = -u**3 - 630*u**2 - 8009*u + 7375. Calculate z(-617).
-29
Let r(x) = x**3 - 52*x**2 - 867*x - 1645. Determine r(-11).
269
Let y(v) = -4*v**2 + 29*v + 1502. Determine y(-18).
-316
Let f(w) = -10*w**2 - 472*w - 4243. Give f(-35).
27
Let j(u) = -u**3 + 2208*u**2 - 6607*u - 17634. Determine j(2205).
6
Let p(s) = -31*s**3 + 169*s**2 - 79*s + 10. What is p(5)?
-35
Let v(l) = 7*l**2 + 20*l + 104. Determine v(-12).
872
Let q(d) = d**3 + 51*d**2 + 90*d + 615. Determine q(-49).
1007
Let b(v) = 26*v - 712. What is b(36)?
224
Let a(z) = -280*z - 75904. What is a(-271)?
-24
Let x(m) = -45*m**3 + 16*m**2 - 42*m + 63. Give x(2).
-317
Let w(s) = -81*s + 15995. Calculate w(196).
119
Let s(q) = -163*q**3 - 11*q**2 - 13*q + 14. Calculate s(-2).
1300
Let i(k) = -11666*k + 209989. Calculate i(18).
1
Let q(c) = -38*c**2 + 6*c + 70. What is q(-6)?
-1334
Let d(r) = -211*r + 9659. Calculate d(44).
375
Let d(v) = 7823*v + 125178. Calculate d(-16).
10
Let g(w) = -w**2 + 2548*w - 48060. Determine g(19).
-9
Let f(t) = -3703*t - 29843. What is f(-10)?
7187
Let d(i) = -267358*i + 1336484. Determine d(5).
-306
Let z(y) = 2*y**2 - 6762*y - 218376. Calculate z(-32).
56
Let s(q) = -122*q**2 + 13671*q - 781